{"id":3731,"date":"2012-12-18T10:56:18","date_gmt":"2012-12-18T08:56:18","guid":{"rendered":"http:\/\/www.girot.ch\/index.php\/services\/video-media\/"},"modified":"2025-11-28T12:21:39","modified_gmt":"2025-11-28T10:21:39","slug":"video-media-de","status":"publish","type":"page","link":"https:\/\/www.girot.ch\/?page_id=3731&lang=de","title":{"rendered":"Video &#038; Media"},"content":{"rendered":"<p><video poster=\"http:\/\/www.girot.ch\/wp-content\/uploads\/2013\/04\/poster_sigirino_video.jpg\" preload=\"none\" autoplay=\"autoplay\" controls=\"controls\" width=\"950\" height=\"450\"><source src=\"http:\/\/www.girot.ch\/wp-content\/uploads\/2013\/04\/950x425_19mb_Atelier-Girot_web.mp4\" type=\"video\/mp4\" \/><source src=\"http:\/\/www.girot.ch\/wp-content\/uploads\/2013\/04\/950x425_19mb_Atelier-Girot_web.theora.ogv\" type=\"video\/ogg\" \/><\/video><br \/>\n^ 2013 Sigirino Survey &#8211; In Zusammenarbeit mit LVML &#8211; ETH Z\u00fcrich<\/p>\n<h3>Video &amp; Media<\/h3>\n<p>Auf einfache und direkte Weise er\u00f6ffnet uns das Medium Video einen anderen Blick auf die Landschaft und h\u00e4lt Dinge fest, die sonst nur schwer fassbar sind \u2013 wie Zeit, Erosion, Bewegung und Nutzung. Videostudien dienen uns als Ausgangspunkt f\u00fcr die gr\u00fcndliche Untersuchung des Umfeldes und der Art und Weise, wie die Menschen auf ihre unmittelbare Umgebung reagieren.<\/p>\n<p>Unsere Kompetenzen:<\/p>\n<p>\u2022 Erste Analyse vor Ort<br \/>\n\u2022 Gestaltungsstrategien &amp; -vorschl\u00e4ge<br \/>\n\u2022 Beobachtung &amp; Erfassung von Landschaften \u00fcber gewisse Zeitr\u00e4ume hinweg<br \/>\n\u2022 Landschaftsvisualisierung<br \/>\n\u2022 Projektentwicklung &amp; Simulation<\/p>\n","protected":false},"excerpt":{"rendered":"<p>^ 2013 Sigirino Survey &#8211; In Zusammenarbeit mit LVML &#8211; ETH Z\u00fcrich Video &amp; Media Auf einfache und direkte Weise er\u00f6ffnet uns das Medium Video einen anderen Blick auf die Landschaft und h\u00e4lt Dinge fest, die sonst nur schwer fassbar sind \u2013 wie Zeit, Erosion, Bewegung und Nutzung. Videostudien dienen uns als Ausgangspunkt f\u00fcr die&#8230;<\/p>\n","protected":false},"author":1,"featured_media":6622,"parent":3691,"menu_order":0,"comment_status":"closed","ping_status":"closed","template":"","meta":{"footnotes":""},"class_list":["post-3731","page","type-page","status-publish","has-post-thumbnail","hentry","has-content"],"_links":{"self":[{"href":"https:\/\/www.girot.ch\/index.php?rest_route=\/wp\/v2\/pages\/3731","targetHints":{"allow":["GET"]}}],"collection":[{"href":"https:\/\/www.girot.ch\/index.php?rest_route=\/wp\/v2\/pages"}],"about":[{"href":"https:\/\/www.girot.ch\/index.php?rest_route=\/wp\/v2\/types\/page"}],"author":[{"embeddable":true,"href":"https:\/\/www.girot.ch\/index.php?rest_route=\/wp\/v2\/users\/1"}],"replies":[{"embeddable":true,"href":"https:\/\/www.girot.ch\/index.php?rest_route=%2Fwp%2Fv2%2Fcomments&post=3731"}],"version-history":[{"count":16,"href":"https:\/\/www.girot.ch\/index.php?rest_route=\/wp\/v2\/pages\/3731\/revisions"}],"predecessor-version":[{"id":7147,"href":"https:\/\/www.girot.ch\/index.php?rest_route=\/wp\/v2\/pages\/3731\/revisions\/7147"}],"up":[{"embeddable":true,"href":"https:\/\/www.girot.ch\/index.php?rest_route=\/wp\/v2\/pages\/3691"}],"wp:featuredmedia":[{"embeddable":true,"href":"https:\/\/www.girot.ch\/index.php?rest_route=\/wp\/v2\/media\/6622"}],"wp:attachment":[{"href":"https:\/\/www.girot.ch\/index.php?rest_route=%2Fwp%2Fv2%2Fmedia&parent=3731"}],"curies":[{"name":"wp","href":"https:\/\/api.w.org\/{rel}","templated":true}]}}